mmon divisor of r and 36?
36
Let f(u) = 37*u - 5 + 0 - 1. Let o(d) = -112*d + 17. Let t(q) = -11*f(q) - 4*o(q). Let n be t(3). What is the highest common factor of n and 11?
11
Let n = -34 + 79. Calculate the highest common factor of 15 and n.
15
Let n be 1*3*16/12. Suppose 0 = -v + n*v - 9. Calculate the greatest common factor of v and 27.
3
Let c = -74 + 96. Calculate the highest common factor of 33 and c.
11
Suppose -q + 3*q - 10 = 0. Suppose 0*j + 3*j - 235 = -q*g, 0 = 2*j + 5*g - 165. Suppose 140 = 25*n - 20*n. Calculate the highest common divisor of j and n.
14
Suppose 0 = 2*r - 13 - 17. Let u = -7 + 17. What is the greatest common divisor of r and u?
5
Let r = 54 - 30. Calculate the greatest common divisor of r and 168.
24
Let s be -2 + 3 - (-1 - 12). Suppose 9 = h - 4*w, 13*h - 4*w = 18*h - 117. What is the greatest common factor of h and s?
7
Let f be -3*(-3)/((-6)/(-14)). Let y be 2 - ((-3)/3 + 0). Suppose -y*k - 7 = -4*k. Calculate the greatest common factor of f and k.
7
Let z be 3 - (-150)/((-2)/(-1)). Suppose 0 = -j + 3*o + 37, 0 = -5*j + j - 2*o + z. What is the greatest common factor of 11 and j?
11
Suppose k = -k - 2*m + 120, k - 5*m - 78 = 0. What is the highest common factor of 9 and k?
9
Let c(j) = 2*j**3 - 3*j**2 + j - 1. Let z be c(2). Let r(g) = -g**2 + 6*g + 6. Let a be r(z). Calculate the greatest common factor of 11 and a.
11
Let f be (-40)/(-35) + 5/(-35). Let t(n) = -n**2 - 8*n + 1. Let u be t(-7). Calculate the greatest common divisor of u and f.
1
Suppose 81 = -0*m + 3*m. What is the highest common factor of m and 9?
9
Suppose x - 3*k = 0, -4*x + 2*k = -x. Suppose x = j + 3*j + 4. Let w = 9 + j. What is the highest common factor of 12 and w?
4
Let l(g) = -g**2 - 6*g - 8. Let j be l(-8). Let u = 38 + j. Suppose 4*t - 208 + 68 = 0. What is the highest common divisor of u and t?
7
Let h be (0 - (0 - 0))/2. Let r(d) = -d**2 - d + 4. Let y be r(h). Let v be 4/(-16) - (-65)/y. Calculate the highest common divisor of 176 and v.
16
Let h = 34 + -31. What is the greatest common factor of h and 33?
3
Let l(k) = k**2 - k + 20. Let r be l(-5). What is the greatest common divisor of 10 and r?
10
Suppose g + 5 = 0, -3*g - 5 = -4*k + 46. Let b(p) = p**3 + p**2 - 1. Let m be b(1). Calculate the highest common divisor of k and m.
1
Suppose 0 = 2*n + 5*w - 5, -2*w - 2 = 2*n - 16. What is the highest common divisor of n and 4?
2
Let y be -105 + 1 + -3 + 4. Let t(j) = -91*j - 2. Let a be t(-2). Let w = a + y. What is the highest common divisor of 7 and w?
7
Let q = 132 + -4. Calculate the greatest common divisor of 16 and q.
16
Let g(w) = w**3 + 3*w**2 - w - 1. Let s be g(-3). Let d be 2/(-1)*(-3 + s). What is the highest common factor of d and 22?
2
Suppose -8 = -2*p + y, -3*p - 6*y + 25 = -y. Suppose v = -0*v + 35. What is the greatest common divisor of p and v?
5
Let v(r) = r**3 - 7*r**2 + 9*r - 4. Let c be v(6). Let z(j) = -3*j**3. Let q be z(-1). Let t be 321/9 + (-2)/q. Calculate the greatest common factor of t and c.
7
Suppose 1 = -5*n + 31. Let q = 0 - -6. What is the highest common divisor of q and n?
6
Suppose 0*z = 5*z. Suppose z*k + 3 = k. Suppose 16 = k*p - 32. What is the greatest common factor of 2 and p?
2
Let h be -3 - -2 - -2 - 1. Suppose -t - 4*u = 2, h*t - 3*t + 79 = -5*u. What is the highest common divisor of 45 and t?
9
Suppose -172 = w - 1000. Suppose -j + w = 3*j. What is the highest common divisor of 23 and j?
23
Let b(d) = -d**3 + 8*d**2 + 2*d. Let g be b(6). Calculate the highest common divisor of g and 21.
21
Let p be 77/14 + 2/4. Calculate the highest common divisor of p and 4.
2
Let a = 13 + 6. Let r = -18 - -18. Suppose f - 41 - 92 = r. Calculate the highest common divisor of f and a.
19
Let v be (73 - 0) + (-1 - 2). Let h = 1 - -4. Suppose h*n = 25, -63 - 57 = -5*f + 4*n. Calculate the greatest common factor of v and f.
14
Let k = -3 + 9. Suppose k = -i + 13. Suppose 0 = 7*n - 615 + 76. Calculate the highest common factor of i and n.
7
Suppose -a = a - 30. Suppose c - 3*c = -4. Suppose -4*l = -2*w - 50, -5*w + 13 + c = 4*l. Calculate the greatest common divisor of l and a.
5
Let o(m) = m - 1. Let h be o(7). Let c(t) = t**2 - 3*t. Let l be c(-6). What is the highest common factor of l and h?
6
Let s(k) = 2*k**2 - 3*k - 15. Let w be s(-7). What is the highest common factor of w and 13?
13
Let s(h) = h**3 - 34*h + 11. Let m be s(-5). Let p be 3/(-2)*(-16)/3. Calculate the highest common factor of p and m.
8
Let z(r) = -r**3 + 7*r**2 + 8*r + 4. Let h be z(8). Suppose -4*q + 5*y + 58 = 0, 46 = 3*q - h*y - y. What is the highest common factor of 36 and q?
12
Let w be (9/(-3) - 1)/(-2). What is the highest common factor of w and 3?
1
Suppose -695 = -5*j + 20. What is the highest common divisor of j and 13?
13
Suppose -x - 8 = 3*x, -4*z = -2*x - 220. What is the greatest common divisor of z and 135?
27
Let z(j) = 41*j**2 + 2*j - 1. Let t be z(1). What is the greatest common divisor of 28 and t?
14
Suppose -8*b + 3*b = -495. Calculate the highest common factor of b and 9.
9
Let b(v) = v**2 - v + 1. Let m be b(1). Let x(z) = 72*z. Let w be x(m). What is the greatest common divisor of w and 9?
9
Let y be (4/(-12) + 0)/((-2)/138). What is the highest common factor of y and 161?
23
Suppose -z = -t + 3, z = -5*t - 0*t + 21. Calculate the greatest common divisor of t and 1.
1
Suppose 2*r = 4*r - 16. Calculate the highest common factor of r and 20.
4
Suppose 0 = 3*j + 6 - 12. What is the highest common divisor of 2 and j?
2
Let h(k) = k**2 - 3*k - 1. Let i be (25/(-20))/((-2)/8). Let j be h(i). What is the greatest common divisor of j and 63?
9
Suppose -71 = -3*h + 76. What is the highest common divisor of 245 and h?
49
Let t = 95 - 92. What is the highest common divisor of t and 27?
3
Let q(l) = l**2 - 12*l + 15. Let s be q(11). Suppose s*c = 16, -y - 2*y - 4*c = -475. What is the highest common factor of y and 17?
17
Let x = 13 + -7. What is the greatest common divisor of 6 and x?
6
Let n = -4 - -12. Let z be -1*0/(-2 - -1). Suppose -x - u + 2 + 3 = 0, -x + u - 1 = z. Calculate the highest common divisor of n and x.
2
Suppose -4*m + 60 = -m. Suppose 5*n - 3*u + 2*u = 68, 4*u + m = 2*n. What is the greatest common factor of n and 42?
14
Let w(u) = -2*u**2 - 20*u - 4. Let c be w(-8). What is the highest common factor of 8 and c?
4
Let v be 4/(-6) - (-76)/(-12). Let z(y) = y**2 + 5*y + 4. Let x be z(v). Calculate the greatest common factor of x and 18.
18
Let j(c) = -c + 6 + 2*c + 0. Let l be j(4). What is the highest common divisor of 80 and l?
10
Let n = -51 + 123. Let a = 2 - -10. Suppose -2*i + 4 = -a. Calculate the greatest common divisor of n and i.
8
Let k = 342 - 223. What is the greatest common factor of k and 17?
17
Let b be ((-5)/2)/((-22)/88). Suppose -u + 0 = a - 15, -25 = -3*a + u. Calculate the highest common factor of b and a.
10
Let q(a) = -a**3 + 10*a**2 + a - 2. Suppose 0 = -5*j - 5, 0 = -2*f + j + 2 + 11. Let t be q(f). Let r = -85 + t. What is the greatest common divisor of r and 9?
9
Suppose 1 - 2 = y, -5*r = -5*y - 20. Suppose -54 = -r*n + 4*h, 2*n + 4*h - 7 - 29 = 0. What is the highest common divisor of n and 126?
18
Let x be (-272 - 16)*1/(-2). Suppose -3*b + 51 = 4*k - 28, 5*k - 60 = 4*b. Calculate the greatest common divisor of x and k.
16
Suppose -14 = g - 2*g. Let i be 6/(-9)*(-6)/4. Let o be -42*((-2)/4)/i. Calculate the greatest common divisor of o and g.
7
Suppose -2*t = -25 + 5. Calculate the highest common factor of 10 and t.
10
Let n(q) = q**2 - 2*q. Let p be n(1). Let t(k) = 4*k**2. Let d be t(p). What is the highest common divisor of d and 28?
4
Let r(j) = -7*j**3 - 3*j**2 - j + 2. Let s be r(-2). Calculate the highest common divisor of s and 12.
12
Suppose -4*s + s = 1083. Let x = s - -515. What is the greatest common factor of 14 and x?
14
Let h(d) = 2*d**2 - 3 + 4 - 3*d**2 + 2*d - d**3 - d**2. Let v be h(-3). Let t be (v - 1) + 4 + -3. Calculate the highest common divisor of t and 36.
4
Suppose 2 = -5*g + 332. Calculate the greatest common divisor of 22 and g.
22
Let v(r) = -33*r - 3. Suppose 0 = i - 0*i + 5. Let x be v(i). Calculate the highest common factor of 18 and x.
18
Let k(u) = 95*u**3 + u**2 - 1. Let g be k(1). Suppose 2*s + 5*d - g = -0*s, -3*s = 5*d - 150. Let c 